973 prime?
False
Is 303723427 a composite number?
True
Is 97072033403 prime?
True
Is 409408717 a prime number?
False
Is 15945173687 prime?
False
Is 40420125985 composite?
True
Is 696995603 a prime number?
False
Is 47367284413 a prime number?
True
Is 4105171157 prime?
True
Is 736245481 prime?
True
Is 277281481 a composite number?
False
Is 4264898777 a composite number?
False
Is 357487037 prime?
False
Is 786007757 composite?
True
Is 16503991753 composite?
True
Is 39067488211 a composite number?
True
Is 2248410713 composite?
False
Is 293334047 composite?
False
Is 728076682 prime?
False
Is 2128068703 a composite number?
True
Is 7797901001 a prime number?
False
Is 27759235879 a composite number?
False
Is 2426612779 composite?
False
Is 64236388273 a prime number?
False
Is 218080346161 a prime number?
True
Is 19913459887 a composite number?
False
Is 234468011 prime?
True
Is 15453283 a composite number?
True
Is 144502879 a prime number?
True
Is 31714283663 prime?
False
Is 15269499859 a prime number?
True
Is 2109752363 composite?
True
Is 8640913519 a prime number?
False
Is 128105367293 a prime number?
False
Is 2129819881 a composite number?
True
Is 248657501 prime?
False
Is 1761465871 prime?
False
Is 171924629 prime?
True
Is 1189975159 a composite number?
False
Is 291845193997 a composite number?
True
Is 2064820481 prime?
False
Is 7267799179 prime?
True
Is 2751743023 prime?
False
Is 12095602681 composite?
False
Is 3694653805 prime?
False
Is 491873623 composite?
False
Is 3358387091 a composite number?
True
Is 3837057071 prime?
True
Is 115452641 a prime number?
False
Is 2098549 a prime number?
False
Is 486331421 a composite number?
True
Is 34058551 composite?
True
Is 3455248171 a prime number?
True
Is 14169762947 prime?
False
Is 165021129979 composite?
True
Is 136842380321 prime?
True
Is 6236047297 a composite number?
True
Is 10644524101 a prime number?
True
Is 47524886593 a composite number?
False
Is 2067689339 a composite number?
False
Is 138541921097 composite?
False
Is 100483368215 prime?
False
Is 237709698683 a prime number?
False
Is 1241227303 prime?
True
Is 22456221901 a prime number?
True
Is 164677763 composite?
False
Is 5285078353 composite?
False
Is 1690989673 prime?
False
Is 284024501 composite?
True
Is 13376758301 composite?
True
Is 9374576657 a composite number?
False
Is 131411317 a prime number?
True
Is 5411284469 prime?
True
Is 17192034079 a prime number?
False
Is 3418722199 a composite number?
False
Is 63875039 a composite number?
False
Is 5035548761 a prime number?
False
Is 3508110911 prime?
True
Is 1312079579 a prime number?
False
Is 372541769 a prime number?
False
Is 534504929 composite?
True
Is 3481351199 a composite number?
False
Is 17760272891 a prime number?
True
Is 339214277167 prime?
True
Is 13367889569 a composite number?
False
Is 3405597878 prime?
False
Is 17495416591 a composite number?
False
Is 243850501819 composite?
False
Is 1090630861 composite?
False
Is 5458757215 composite?
True
Is 37744874677 a composite number?
True
Is 8124261511 composite?
True
Is 4104223379 prime?
True
Is 23200958423 prime?
False
Is 239752693267 prime?
False
Is 1676017807 a composite number?
True
Is 9021378731 a prime number?
True
Is 22240012511 prime?
False
Is 9619043639 prime?
True
Is 82380960643 a prime number?
False
Is 1156608746 prime?
False
Is 93509498791 composite?
True
Is 10136820101 a composite number?
True
Is 608145679 a composite number?
False
Is 155417837 a composite number?
True
Is 24610708673 a composite number?
False
Is 85522133197 composite?
True
Is 84723204671 a prime number?
False
Is 2837026807 prime?
False
Is 31599591887 composite?
False
Is 522365821 a prime number?
True
Is 312103249 composite?
True
Is 206397941 a composite number?
False
Is 138648893 prime?
True
Is 52442811251 a composite number?
False
Is 145538657 a prime number?
False
Is 21341729 a composite number?
False
Is 109873109 a prime number?
True
Is 435449381 composite?
False
Is 181645397 prime?
True
Is 580026101 composite?
True
Is 2737120807 composite?
False
Is 32805285797 a composite number?
False
Is 4115375729 a prime number?
False
Is 2892496769 a composite number?
False
Is 121372198319 prime?
True
Is 15975056441 a prime number?
True
Is 25550073061 a composite number?
False
Is 92376756091 a composite number?
False
Is 3300669269 a composite number?
True
Is 3575676131 composite?
True
Is 293492561 composite?
False
Is 12008172439 composite?
False
Is 43260582857 prime?
True
Is 9020203337 a prime number?
True
Is 261069317 a composite number?
True
Is 620178217 a prime number?
True
Is 515214299 composite?
False
Is 1975004411 a composite number?
True
Is 7378982491 prime?
False
Is 839945731 composite?
True
Is 783046505 a composite number?
True
Is 596988933 prime?
False
Is 4530942989 a composite number?
True
Is 12248423819 a prime number?
True
Is 1801657159 prime?
False
Is 196040624281 a composite number?
True
Is 217233631583 composite?
False
Is 453084481 a prime number?
False
Is 2662833713 a prime number?
False
Is 566790277 prime?
False
Is 3809759729 composite?
True
Is 8503370907 prime?
False
Is 46891529 a composite number?
True
Is 1154380981 prime?
False
Is 105655159199 a composite number?
False
Is 1057489843 a composite number?
True
Is 1525223659 a composite number?
False
Is 1245147763 a composite number?
True
Is 7706243119 composite?
False
Is 3588274931 prime?
True
Is 68090339 a prime number?
True
Is 27482219 prime?
True
Is 41053690957 a composite number?
True
Is 889313263 a prime number?
False
Is 336571847 prime?
True
Is 106147507327 a prime number?
True
Is 75592599 a composite number?
True
Is 767596589 a composite number?
True
Is 1364163709 a prime number?
True
Is 10149862867 a prime number?
False
Is 129520907749 a prime number?
True
Is 795403757 a composite number?
False
Is 16217422019 composite?
False
Is 68132626109 composite?
True
Is 128608941 prime?
False
Is 6970499801 prime?
True
Is 18165786629 composite?
False
Is 38933875793 a prime number?
False
Is 6438545767 composite?
False
Is 2857229059 a composite number?
True
Is 668485969 a composite number?
False
Is 186261077 composite?
True
Is 3797381065 prime?
False
Is 1791406387 prime?
True
Is 759735751 a composite number?
False
Is 113874423697 prime?
True
Is 5910965057 a prime number?
False
Is 9042574423 a prime number?
True
Is 811690006 a composite number?
True
Is 7410650629 a composite number?
False
Is 8514823451 a prime number?
False
Is 103563895243 prime?
True
Is 1573207627 a composite number?
False
Is 20503079533 a composite number?
True
Is 24601719283 prime?
False
Is 75957829 prime?
True
Is 14204749529 prime?
False
Is 4213861033 a prime number?
False
Is 1086421858 composite?
True
Is 931455151 a composite number?
True
Is 402032219 composite?
True
Is 670207051 a composite number?
True
Is 184397383 a prime number?
True
Is 10431234103 prime?
True
Is 16212912109 composite?
False
Is 4314614057 a composite number?
True
Is 865543519 prime?
False
Is 127155325373 a prime number?
False
Is 567444881 a prime number?
True
Is 4938068101 a composite number?
False
Is 441586217 a prime number?
True
Is 4135228787 prime?
False
Is 480035813 composite?
False
Is 29384861 prime?
False
Is 79068833449 a composite number?
False
Is 10554141223 composite?
True
Is 1912596089 prime?
True
Is 128350384145 a prime number?
False
Is 4096880089 prime?
True
Is 9103936497 prime?
False
Is 12123170863 a composite number?
False
Is 58138979051 prime?
True
Is 86582927 prime?
True
Is 845328007 composite?
False
Is 1004339353 a composite number?
True
Is 3598535327 a prime number?
True
Is 139761077 composite?
False
Is 222624305 composite?
True
Is 1782043331 a prime number?
False
Is 61789889659 composite?
False
Is 57513172183 a prime number?
False
Is 62623888127 a prime number?
False
Is 51686844109 composite?
False
Is 210595631 prime?
True
Is 6406985567 prime?
True
Is 67935292531 composite?
False
Is 21890600665 composite?
True
Is 365889989 composite?
False
Is 1390653689 prime?
True
Is 895625303 prime?
True
Is 8328419509 a composite number?
True
Is 1464846827 a prime number?
True
Is 57513484841 a composite number?
False
Is 81959427139 composite?
False
Is 10122582991 prime?
True
Is 71531959897 a composite number?
False
Is 188228477 a prime number?
True
Is 102637